. Let y(z) = 6*z - 14. List the prime factors of y(f).
2, 11
Let t(v) = -2*v + 3 + v**2 + 0*v - 4 + 10*v**2. List the prime factors of t(2).
3, 13
Suppose -2*g + 4 = -8. Let i(w) = -4*w + g*w + w - 2. List the prime factors of i(2).
2
Suppose -2 = -2*g + 2. Suppose n = g*n. Suppose -t = -16 - n. List the prime factors of t.
2
Let s be (-31)/2 + 1/2. Let c(n) = -2*n**2 + n + 16. Let q be c(-3). What are the prime factors of (8/q)/(3/s)?
2
Let t be 3/(((-12)/9)/4). Let w = t + 9. Suppose 3*y - 4*j - 28 = j, -3*y - j + 34 = w. What are the prime factors of y?
11
Suppose 3*i - 19 - 38 = 0. What are the prime factors of i?
19
Let s = 3 - -2. Suppose -p = 2*g, -2*g = -s*p - 76 + 16. List the prime factors of (8/(-14))/(p/35).
2
Let w be 4/(6/3) + 2. Let c(b) = 2*b - 7. Let r be c(7). Let h = r - w. What are the prime factors of h?
3
Let w be ((-10)/4)/((-2)/4). Let v = 7 - w. Suppose -4*x + 4*o + 16 = 0, -2*x - x + v*o = -13. List the prime factors of x.
5
Suppose -2*n + 2*j + 3*j = -24, -5*n - 10 = 5*j. Suppose -5 = -n*d - 1. Suppose t + 4*r = 2, 4*t + d*r + 2*r = 56. What are the prime factors of t?
2, 3
Let r(h) = -3*h - 13. Let m be r(-9). Let b = 26 - m. What are the prime factors of b?
2, 3
List the prime factors of 4/(-60)*-65*(0 - -3).
13
Suppose -2*f + w + w + 112 = 0, 277 = 5*f - 4*w. List the prime factors of f.
53
Suppose 1240 = 4*c - 28. List the prime factors of c.
317
Suppose h + 4*c + c + 33 = 0, -17 = 4*h - 3*c. Let v(m) = -7*m - 4. What are the prime factors of v(h)?
2, 13
Let t be -25 + (0/1 - 2). Let q = 18 + t. What are the prime factors of (-29)/(-3) - 3/q?
2, 5
List the prime factors of (6 - -2)*2/4.
2
Let l(g) = g**3 - 4*g**2 - 5*g + 1. Let k be l(5). Suppose -v = -5*f + 87, -5 - k = -2*v. Suppose -h + 0*h = -f. List the prime factors of h.
2, 3
Suppose 0 = -2*y + 154 + 72. List the prime factors of y.
113
Let d(n) = -2 - 42*n**2 - 3 - 2*n + 43*n**2. What are the prime factors of d(6)?
19
Let m be (-1 + 2)/(5/10). List the prime factors of m/(-5)*(-5 - 30).
2, 7
Let j(f) be the first derivative of f**4/6 - f**3/6 - f**2/2 + 2. Let n(x) be the second derivative of j(x). List the prime factors of n(3).
11
Let s(v) = -11*v - 4. Let d be s(-4). Let m be (d/15)/((-2)/(-3)). Suppose 0*a - m = -a. List the prime factors of a.
2
Suppose 0 = -c - 4*b - 11, -10 = -4*c + 5*b + 30. What are the prime factors of (-46)/(-10) - 3/c?
2
Suppose 4*l - 5*u = -l + 205, 172 = 4*l + 4*u. What are the prime factors of l?
2, 3, 7
Let w(a) = 6*a - 2. Let c be w(1). Suppose 2*s + 4*f + 12 = -2*s, -c*s + 28 = -4*f. List the prime factors of s.
2
Let p(q) = -q**2 + 16*q + 26. List the prime factors of p(14).
2, 3
Suppose 0 = -4*j + 53 - 9. Let f = -8 + j. Suppose f*n = 6*n - 21. What are the prime factors of n?
7
Let q = 3 + -4. Suppose -5*y + 2*b + 17 = -b, 2*y = -4*b - 14. List the prime factors of (q/(-1))/(y/2).
2
Let c(r) = -r**3 - 20*r**2 - 20*r - 15. List the prime factors of c(-19).
2
Suppose -7 = -r - 3*n + 5, -r + 2*n + 7 = 0. List the prime factors of (-4 - 10/(-2)) + r.
2, 5
Let u be (-4)/(-6) + 40/12. Suppose -u*z + 8 = -8. What are the prime factors of z?
2
Let n(f) = -7*f - 4. Let c be n(-4). Suppose 0 = v - 5*v - c. Let x = 6 - v. What are the prime factors of x?
2, 3
Suppose -5*b + 0*b + 15 = 0. Suppose t + 3 - 12 = -b*d, 12 = 4*d - 4*t. Suppose -1 = d*k - 40. List the prime factors of k.
13
Suppose f - 45 = -b, 2*f - 49 - 44 = b. What are the prime factors of f?
2, 23
Let z(w) = w - 2. Let j be z(5). Let d = 12 - j. What are the prime factors of d?
3
List the prime factors of -4*2*(-15)/6.
2, 5
Suppose 0 = 5*d - 4 - 1, 0 = -2*b + 3*d + 1. Suppose -b*r + 7*r = 60. List the prime factors of r.
2, 3
Let k = -12 - -3. Let i = -5 - k. List the prime factors of i.
2
Suppose 2*r - 13 - 1 = 0. Let d = r + -4. List the prime factors of 0/d + 0 - -7.
7
Let x(b) = -b**3 - 6*b**2 + 5*b + 10. Let n be x(-7). Suppose -a + n = a. What are the prime factors of (a/7)/((-1)/(-7))?
2, 3
Let m = -36 + 7. Let x = -6 - m. List the prime factors of x.
23
Let p(h) = -h**2 - 6*h + 14. What are the prime factors of p(-5)?
19
Suppose 0*y + 3*y - 45 = 0. Let z = 21 + y. What are the prime factors of z?
2, 3
Let k be 3/9*3*0. Suppose k = f + 2*f + 54. Let n = f + 25. List the prime factors of n.
7
Let u(o) = 3*o + 3. Let d be u(-4). What are the prime factors of (-6)/(-27) + (-106)/d?
2, 3
Let l be (-2)/8 + (-6)/8. Let c(v) = -v - 2. Let j be c(l). List the prime factors of 6 + 4 - (-2)/j.
2
Suppose 0*w = 3*w. Suppose w = -k + 9 - 3. What are the prime factors of k?
2, 3
Let g(v) = 2*v**3 + 2*v**2 + 6*v - 1. What are the prime factors of g(3)?
89
Let b be (-3)/(-2) + 35/10. Let k = 32 - b. List the prime factors of k.
3
Suppose f + 2*i + 19 = 4*f, -5*i - 30 = -4*f. Let c(u) = 4*u + 2. What are the prime factors of c(f)?
2, 11
Suppose -4*t + 4 - 16 = 0. Let g be (-27)/(-12) + t/(-4). Suppose -2*s + 3*s + g*p = -13, 0 = -5*s - 3*p - 5. What are the prime factors of s?
2
Suppose 6*j = 2 + 10. Suppose 2 + 6 = j*y. List the prime factors of y.
2
List the prime factors of (-1)/(243/61 - 4).
61
Let z(v) = 3*v**2 - 5 - 5*v - 1 - v**2 + 2. List the prime factors of z(5).
3, 7
Suppose 5 = 4*n - 3*n. Let q(t) = -t**3 + 6*t**2 - 2*t - 3. List the prime factors of q(n).
2, 3
Suppose -4*k - 23 = 1. Let i be 99/6 + (-3)/2. Let r = i + k. What are the prime factors of r?
3
Let u(w) = 4 + w + w**3 - 2*w**2 - 4 + 2. Let n be u(2). Suppose 2*a = n + 14. List the prime factors of a.
3
Suppose -6 = u + 3. Let k(q) = -q - 4. List the prime factors of k(u).
5
What are the prime factors of (4 + -1 - -6)/1?
3
Let b(s) = -s + 3. Let a be b(-7). List the prime factors of ((-7)/(-5) + -1)*a.
2
Let w be (-2 + 3/3)/(-1). Let y = -1 + 3. List the prime factors of w/y - (-15)/2.
2
Let s(r) = r**2 - 2. Let p be s(-2). Suppose -y + 4*l - 30 = -p*y, 4*y - 2*l = 30. Let w(d) = d. What are the prime factors of w(y)?
2, 5
Let c(d) be the first derivative of d**4/12 + d**3 - d**2 - 2*d - 3. Let t(q) be the first derivative of c(q). What are the prime factors of t(-7)?
5
Let t be -5 - -1 - (-7)/(-1). Let h = 29 + t. What are the prime factors of h?
2, 3
Suppose 0 = -2*n - 1 + 31. Suppose n = -2*s + 3*s. What are the prime factors of s?
3, 5
Let f = 37 - 20. List the prime factors of f.
17
Let i be 6*-9*3/(-6). What are the prime factors of 1140/i - 6/27?
2, 3, 7
Suppose 5*l = -1 + 26. Let k be (-2 + 1)*1*-5. Suppose v - 17 + 3 = -5*o, -l = -k*o. What are the prime factors of v?
3
Let l be -1*(-1)/1 - -4. List the prime factors of 4 - (-6 + 4 - l).
11
Suppose 4*q - m + 47 = 0, -3*m - 54 = 6*q - 3*q. Let s = q - -25. List the prime factors of s.
2, 3
Suppose -2*u + 164 = 3*r + 2*r, -u - 3*r = -83. What are the prime factors of u?
7, 11
Suppose 2*o = -5*v + 8 + 18, -o + v = 1. Let w = o + -6. What are the prime factors of w + 12 + 0 - -1?
2, 5
Let i(z) = -z + 4. Let s(b) = -2*b + 8. Let p be s(7). List the prime factors of i(p).
2, 5
Let s(z) = -z - 10. Let i(d) = 1. Let r(n) = n**2 + 7*n - 9. Let t be r(-8). Let a(y) = t*s(y) - 5*i(y). List the prime factors of a(7).
2, 3
List the prime factors of (116/(-10))/(3/(-60)).
2, 29
Let m = -26 - -40. Suppose -m = -3*i + 13. What are the prime factors of i?
3
Suppose 252 = w - 4*p, -3*w + w + 2*p = -510. What are the prime factors of w?
2
List the prime factors of (2 + -54)*(-3)/6.
2, 13
Let o be (29/2)/((-2)/(-4)). Let a = o + -17. What are the prime factors of a?
2, 3
Suppose 4*s - 6*s = 0. Suppose -43 = -w + 5*r, -w = -s*w - 2*r - 34. What are the prime factors of w?
2, 7
What are the prime factors of -1 + 10 - (-3 + 1)?
11
Let v(b) = 3*b - b**2 + 3*b + 2*b**2 - 4 + 2*b. List the prime factors of v(-11).
29
Suppose 0 = 2*a - u - 7, 5*a - u - 13 = -0*u. Suppose a*r - 99 = -3*v, r = 3*v - 36 - 63. List the prime factors of v.
3, 11
Let x(b) = b**2 + 42. Let u be 2/(-4) + 5/10. List the prime factors of x(u).
2, 3, 7
Let s be 2 + 1 + 0 + 0. Suppose -s = 3*p - 4*d - 77, 0 = -2*p + 4*d + 52. What are the prime factors of p?
2, 11
Let v be (4/3)/((-2)/(-3)). Suppose 4*q - 30 = v. List the prime factors of q.
2
Let t = -8 + 12. Suppose -t*a + 212 = 4*r, 4*r = a - 45 - 3. List the prime factors of a.
2, 13
Suppose -2*j + 5*x = -0*x - 287, 2*j + x - 257 = 0. List